se 8
250111
Convert 52754411 (base 8) to base 5.
10340342332
What is 1208460 (base 9) in base 15?
ce469
Convert -203322233 (base 4) to base 6.
-3053035
-54110 (base 13) to base 4
-211003133
-223c58 (base 15) to base 14
-307124
What is 244064 (base 7) in base 3?
2021020012
Convert -10011001010111001001 (base 2) to base 16.
-995c9
What is 28dad (base 14) in base 4?
120301231
What is -1aa8223 (base 13) in base 8?
-41570034
Convert 220c2 (base 14) to base 8.
241072
What is 11acc3 (base 14) in base 5?
123344303
Convert -4ba71 (base 12) to base 2.
-11001010000110101
What is -2121221102010 (base 3) in base 15?
-1c8ae0
What is -250003 (base 6) in base 2?
-101011000010011
What is -8915 (base 16) in base 5?
-2110333
What is -2894832 (base 12) in base 11?
-4671813
What is 719530 (base 10) in base 15?
e32da
73218 (base 11) to base 3
12102102101
What is 12220232 (base 5) in base 14?
30890
234c2d (base 15) to base 11
a52407
Convert -493405 (base 10) to base 2.
-1111000011101011101
Convert 4041a0 (base 11) to base 16.
9ea1f
-154432213 (base 6) to base 5
-1321121200
Convert ed67 (base 15) to base 3.
2112221221
100011110001011010 (base 2) to base 6
3050202
What is -76854 (base 10) in base 3?
-10220102110
20001211222022 (base 3) to base 7
36261362
Convert -111011010000011101101 (base 2) to base 5.
-444113431
Convert -456864 (base 15) to base 16.
-328c81
-3140523 (base 6) to base 3
-21210001020
10302211111 (base 4) to base 3
2100210120211
Convert 4223224222 (base 5) to base 9.
17510083
What is -35210444 (base 8) in base 10?
-7672100
What is 101011110011101101 (base 2) in base 15?
38277
218322 (base 10) to base 7
1566336
1011032000 (base 4) to base 16
45380
What is -142877 (base 15) in base 8?
-3547451
What is -3b4a99 (base 15) in base 14?
-542d54
Convert -1240110 (base 5) to base 12.
-12159
13525852 (base 9) to base 8
31412317
Convert -65050 (base 8) to base 4.
-12220220
Convert 828601 (base 11) to base 13.
376c3a
Convert 153618 (base 9) to base 4.
113011100
Convert -33040132 (base 5) to base 4.
-1011102100
What is 4316810 (base 9) in base 11?
1340a14
461356 (base 9) to base 4
1003201221
Convert 1040114114 (base 5) to base 2.
1000101010001011010101
8666a (base 11) to base 13
4540b
What is -101100000011101011001110 (base 2) in base 15?
-1032095
-232312001211 (base 4) to base 11
-6a28094
What is 34615 (base 12) in base 5?
4220001
Convert 170475 (base 10) to base 4.
221213223
Convert 358470 (base 9) to base 7.
1560144
Convert 340111401 (base 6) to base 7.
103266403
Convert 65423154 (base 7) to base 9.
11478346
-161b9b8 (base 12) to base 16
-44f8dc
What is 1901c4 (base 14) in base 12?
367654
Convert -20221122110101 (base 3) to base 11.
-20a2a40
Convert -3c8434 (base 13) to base 10.
-1474906
What is -1b5c449 (base 13) in base 2?
-100010101001000001101010
Convert -2536752 (base 9) to base 16.
-15198e
What is 1101011000110101101 (base 2) in base 16?
6b1ad
-350770 (base 9) to base 4
-303122112
Convert bd674 (base 15) to base 11.
3814a3
Convert 29664 (base 14) to base 13.
37a31
Convert 7130251 (base 8) to base 5.
440131413
-daee (base 15) to base 10
-46349
What is -1225b28 (base 12) in base 13?
-96a250
-4001002 (base 8) to base 11
-657219
What is -313334422 (base 5) in base 6?
-44014545
Convert -101220020121 (base 3) to base 15.
-43854
What is -37ca926 (base 13) in base 12?
-5a13ab1
What is 4a0b43 (base 15) in base 14?
684544
What is -10301033 (base 4) in base 6?
-230235
23203113331 (base 4) to base 10
3028477
What is -12323022 (base 5) in base 2?
-11101011001000011
Convert -1102014133 (base 5) to base 9.
-4421436
-15a1 (base 14) to base 15
-122a
-1110101111110001001111 (base 2) to base 11
-2200384
3b2193 (base 12) to base 13
2833a1
Convert 8cbc3 (base 15) to base 8.
1553236
What is -100001111101001011 (base 2) in base 4?
-201331023
Convert 2012000100 (base 3) to base 8.
124014
4343022 (base 6) to base 14
58902
-30133031101 (base 4) to base 3
-20011022110201
What is -bcbb (base 15) in base 3?
-2000212112
1110101000110000 (base 2) to base 7
336534
-cee67 (base 15) to base 5
-132023442
-20211200210 (base 3) to base 15
-29d63
Convert 8e52ae (base 15) to base 7.
111544454
102212111120111 (base 3) to base 15
84928a
What is -450156 (base 7) in base 13?
-2a14a
What is -52932 (base 14) in base 7?
-1460162
-201141 (base 5) to base 7
-24502
-100222020011 (base 3) to base 13
-6b446
4655530 (base 8) to base 13
355542
What is 531881 (base 9) in base 16?
4d3da
-4541222 (base 6) to base 14
-60274
What is -101550111 (base 7) in base 4?
-112303212303
-1336305 (base 13) to base 7
-102224343
20222231311 (base 4) to base 6
120411021
245239 (base 13) to base 8
3237551
3ba53 (base 14) to base 7
1152633
Convert -1001133021102 (base 4) to base 6.
-1411540310
-231607 (base 11) to base 4
-1121313121
3b83aab (base 12) to base 16
b51663
1741775 (base 8) to base 14
d367b
-3089a4 (base 13) to base 15
-175b0a
What is -2335434 (base 9) in base 16?
-134860
Convert 7599b3 (base 12) to base 4.
13012231113
Convert -121a1c (base 13) to base 5.
-102313302
What is -32389 (base 12) in base 3?
-10100210220
What is 41220032 (base 6) in base 7?
13032353
Convert 10ab805 (base 12) to base 16.
3108c5
Convert 20202206 (base 8) to base 15.
5927b8
140765 (base 8) to base 9
75100
-4b2c9 (base 13) to base 6
-2551042
What is -542141 (base 6) in base 13?
-17386
What is 215412 (base 6) in base 9?
26718
195516 (base 12) to base 4
1230212202
Convert 5024250 (base 6) to base 8.
716446
-590130 (base 10) to base 2
-10010000000100110010
-174fa (base 16) to base 7
-545242
Convert 1001100001010110001 (base 2) to base 6.
10404213
What is 146208 (base 9) in base 13?
31b77
Convert 3103031031 (base 4) to base 6.
30313033
-167881 (base 10) to base 14
-45277
What is -1c6fe4 (base 16) in base 6?
-103540004
What is -7031a2 (base 12) in base 4?
-12222211022
Convert -132103223 (base 4) to base 10.
-124139
10193150 (base 10) to base 9
21155332
What is 3ce0a (base 15) in base 8?
575717
37b22 (base 14) to base 5
13333032
100011011100 (base 3) to base 10
180180
Convert -1044534 (base 6) to base 12.
-2674a
Convert -12465600 (base 7) to base 13.
-310035
450766 (base 9) to base 16
41d3c
Convert -110100111000111111101010 (base 2) to base 8.
-64707752
Convert 1011111110000101101011 (base 2) to base 6.
151131151
72af (base 16) to base 13
10495
What is 13444241 (base 5) in base 14?
3932b
22001011100 (base 3) to base 16
26a66
230107 (base 10) to base 16
382db
What is -10ca2 (base 13) in base 2?
-111100000000001
What is 3781914 (base 10) in base 16?
39b51a
-212001222112 (base 3) to base 6
-13422322
Convert -75b81 (base 14) to base 8.
-1054345
Convert 521311 (base 6) to base 16.
a34b
Convert 10303451 (base 6) to base 4.
1022033113
-11010001011001101010 (base 2) to base 9
-1546486
Convert -1034715 (base 9) to base 16.
-8767d
What is 111010101101100110101101 (base 2) in base 4?
322231212231
Convert -4d025 (base 15) to base 7.
-2044253
Convert 6564771 (base 9) to base 15.
499ea4
What is -55852 (base 11) in base 14?
-21697
-2828c (base 14) to base 13
-36276
Convert 211110202002 (base 3) to base 6.
13251432
445051 (base 7) to base 5
10003313
Convert 2003223311 (base 4) to base 7.
4404353
What is 4054215 (base 8) in base 5?
233234440
What is -2072533 (base 8) in base 7?
-4466061
What is -475756 (base 9) in base 15?
-59cc6
Convert 422474 (base 12) to base 15.
15864a
Convert -40053151 (base 6) to base 8.
-4231033
123646436 (base 7) to base 4
132003032321
5202b (base 13) to base 6
3053352
What is -ea985 (base 15) in base 4?
-2311303022
401123 (base 5) to base 14
4887
Convert 435c3c (base 14) to base 15.
301530
406904 (base 11) to base 6
22000243
Convert -b121f5 (base 16) to base 12.
-3a79b05
50d7c8 (base 15) to base 10
3842513
Convert 110a4b (base 16) to base 5.
241213442
142570 (base 11) to base 3
102022211202
30354 (base 13) to base 9
141283
What is -1909008 (base 10) in base 13?
-51abba
What is 98256 (base 10) in base 7?
556314
What is -38b49 (base 13) in base 10?
-105179
What is 4b6027 (base 12) in base 5?
303440243
Convert 62534610 (base 8) to base 6.
1152432104
Convert 18bb5 (base 15) to base 16.
1398e
Convert -100eb28 (base 15) to base 2.
-101011101001000100000100
1882 (base 10) to base 9
2521
-1001110111101101101 (base 2) to base 8
-1167555
Convert -3